te the remainder when 16 is divided by 12.
4
What is the remainder when 7415 is divided by 206?
205
Calculate the remainder when 471 is divided by 79.
76
Calculate the remainder when 110 is divided by 12.
2
What is the remainder when 3837 is divided by 80?
77
Calculate the remainder when 17620 is divided by 67.
66
Calculate the remainder when 198 is divided by 67.
64
Calculate the remainder when 395 is divided by 133.
129
What is the remainder when 63 is divided by 27?
9
What is the remainder when 2768 is divided by 213?
212
Calculate the remainder when 2048 is divided by 57.
53
Calculate the remainder when 35 is divided by 12.
11
Calculate the remainder when 533 is divided by 67.
64
Calculate the remainder when 286 is divided by 48.
46
What is the remainder when 3242 is divided by 141?
140
What is the remainder when 3169 is divided by 452?
5
Calculate the remainder when 552 is divided by 51.
42
What is the remainder when 4841 is divided by 57?
53
Calculate the remainder when 1879 is divided by 31.
19
Calculate the remainder when 2313 is divided by 13.
12
Calculate the remainder when 5282 is divided by 7.
4
Calculate the remainder when 185 is divided by 94.
91
What is the remainder when 209 is divided by 50?
9
Calculate the remainder when 1132 is divided by 8.
4
Calculate the remainder when 215 is divided by 31.
29
What is the remainder when 1684 is divided by 8?
4
Calculate the remainder when 795 is divided by 6.
3
What is the remainder when 53 is divided by 9?
8
Calculate the remainder when 1687 is divided by 12.
7
What is the remainder when 67 is divided by 9?
4
What is the remainder when 2077 is divided by 10?
7
Calculate the remainder when 464 is divided by 93.
92
What is the remainder when 347 is divided by 78?
35
What is the remainder when 434 is divided by 6?
2
What is the remainder when 3274 is divided by 131?
130
Calculate the remainder when 58 is divided by 6.
4
What is the remainder when 1544 is divided by 1522?
22
Calculate the remainder when 7 is divided by 5.
2
What is the remainder when 2820 is divided by 27?
12
What is the remainder when 3778 is divided by 12?
10
What is the remainder when 24 is divided by 2?
0
What is the remainder when 483 is divided by 57?
27
Calculate the remainder when 444 is divided by 50.
44
What is the remainder when 12597 is divided by 180?
177
What is the remainder when 374 is divided by 28?
10
What is the remainder when 100 is divided by 26?
22
What is the remainder when 95 is divided by 39?
17
Calculate the remainder when 287 is divided by 84.
35
What is the remainder when 1747 is divided by 23?
22
Calculate the remainder when 159 is divided by 85.
74
What is the remainder when 1165 is divided by 16?
13
Calculate the remainder when 547 is divided by 9.
7
Calculate the remainder when 78 is divided by 41.
37
What is the remainder when 440 is divided by 9?
8
What is the remainder when 91 is divided by 5?
1
Calculate the remainder when 1714 is divided by 189.
13
What is the remainder when 21194 is divided by 157?
156
Calculate the remainder when 2897 is divided by 20.
17
What is the remainder when 240 is divided by 3?
0
Calculate the remainder when 357 is divided by 9.
6
Calculate the remainder when 82 is divided by 11.
5
What is the remainder when 1091 is divided by 12?
11
Calculate the remainder when 1510 is divided by 89.
86
What is the remainder when 51 is divided by 20?
11
What is the remainder when 127 is divided by 41?
4
Calculate the remainder when 2913 is divided by 77.
64
Calculate the remainder when 1010 is divided by 58.
24
Calculate the remainder when 68 is divided by 28.
12
Calculate the remainder when 1978 is divided by 20.
18
What is the remainder when 164 is divided by 48?
20
Calculate the remainder when 8496 is divided by 50.
46
What is the remainder when 7077 is divided by 73?
69
Calculate the remainder when 481 is divided by 21.
19
Calculate the remainder when 74 is divided by 23.
5
What is the remainder when 5148 is divided by 14?
10
Calculate the remainder when 197 is divided by 60.
17
Calculate the remainder when 471 is divided by 444.
27
What is the remainder when 3929 is divided by 69?
65
Calculate the remainder when 177 is divided by 7.
2
Calculate the remainder when 86 is divided by 32.
22
What is the remainder when 1071 is divided by 43?
39
Calculate the remainder when 4938 is divided by 81.
78
What is the remainder when 225 is divided by 76?
73
Calculate the remainder when 1096 is divided by 91.
4
What is the remainder when 1350 is divided by 227?
215
Calculate the remainder when 324 is divided by 34.
18
Calculate the remainder when 1256 is divided by 74.
72
Calculate the remainder when 1423 is divided by 34.
29
Calculate the remainder when 3071 is divided by 282.
251
What is the remainder when 153 is divided by 73?
7
Calculate the remainder when 324 is divided by 187.
137
Calculate the remainder when 578 is divided by 569.
9
Calculate the remainder when 768 is divided by 55.
53
What is the remainder when 1740 is divided by 83?
80
Calculate the remainder when 3318 is divided by 123.
120
Calculate the remainder when 128 is divided by 99.
29
What is the remainder when 135 is divided by 34?
33
What is the remainder when 3495 is divided by 66?
63
Calculate the remainder when 103 is divided by 28.
19
What is the remainder when 13465 is divided by 148?
145
What is the remainder when 252 is divided by 31?
4
Calculate the remainder when 1421 is divided by 124.
57
What is the remainder when 2364 is divided by 16?
12
Calculate the remainder when 1079 is divided by 12.
11
Calculate the remainder when 418 is divided by 6.
4
Calculate the remainder when 190 is divided by 49.
43
What is the remainder when 7516 is divided by 66?
58
What is the remainder when 939 is divided by 27?
21
Calculate the remainder when 5131 is divided by 34.
31
Calculate the remainder when 3132 is divided by 43.
36
Calculate the remainder when 16499 is divided by 21.
14
Calculate the remainder when 225 is divided by 12.
9
Calculate the remainder when 357 is divided by 75.
57
Calculate the remainder when 1237 is divided by 38.
21
What is the remainder when 2585 is divided by 22?
11
What is the remainder when 124 is divided by 35?
19
What is the remainder when 698 is divided by 100?
98
What is the remainder when 182 is divided by 54?
20
Calculate the remainder when 1734 is divided by 348.
342
What is the remainder when 37 is divided by 19?
18
What is the remainder when 219 is divided by 29?
16
Calculate the remainder when 52 is divided by 46.
6
What is the remainder when 177 is divided by 60?
57
What is the remainder when 171 is divided by 22?
17
Calculate the remainder when 395 is divided by 18.
17
Calculate the remainder when 31 is divided by 8.
7
What is the remainder when 1133 is divided by 6?
5
What is the remainder when 231 is divided by 59?
54
What is the remainder when 258 is divided by 17?
3
What is the remainder when 2616 is divided by 9?
6
What is the remainder when 2357 is divided by 5?
2
What is the remainder when 2203 is divided by 315?
313
What is the remainder when 9995 is divided by 238?
237
Calculate the remainder when 589 is divided by 74.
71
Calculate the remainder when 1067 is divided by 532.
3
Calculate the remainder when 1870 is divided by 6.
4
Calculate the remainder when 310 is divided by 24.
22
Calculate the remainder when 6083 is divided by 117.
116
Calculate the remainder when 237 is divided by 58.
5
Calculate the remainder when 899 is divided by 43.
39
What is the remainder when 219 is divided by 18?
3
Calculate the remainder when 104 is divided by 7.
6
Calculate the remainder when 2436 is divided by 23.
21
Calculate the remainder when 53 is divided by 19.
15
Calculate the remainder when 925 is divided by 15.
10
What is the remainder when 400 is divided by 31?
28
Calculate the remainder when 2668 is divided by 16.
12
What is the remainder when 491 is divided by 227?
37
Calculate the remainder when 93 is divided by 26.
15
Calculate the remainder when 152 is divided by 31.
28
What is the remainder when 450 is divided by 142?
24
Calculate the remainder when 2431 is divided by 801.
28
What is the remainder when 9 is divided by 8?
1
Calculate the remainder when 1962 is divided by 27.
18